 + 5*g + 26435, -2*g + 10586 = 2*q. Calculate the highest common divisor of 1840 and q.
230
Let p(u) be the second derivative of -u**3/6 - 5*u**2/2 + u. Let s be p(-10). Suppose 473 - 143 = 22*m. What is the greatest common factor of s and m?
5
Suppose 5*y = 447 - 472, -3*n + y + 86 = 0. Calculate the greatest common factor of n and 96.
3
Let q = 17 - 13. Let f be q + (80/(-4))/5. Suppose -13*t + f*t = -260. Calculate the highest common divisor of t and 20.
20
Let k be 12 + 1853/(-153) + (-1820)/(-18). What is the highest common factor of 2525 and k?
101
Let c(h) = 10*h**2 - 11*h + 10. Let t be c(4). Suppose 15*o = 8*o + t. Suppose -o*p = -6*p - 372. Calculate the highest common factor of 31 and p.
31
Let r = 22950 - 22940. Let m = -7 - -12. Suppose 18 + 2 = m*v. What is the highest common divisor of v and r?
2
Let j = 25718 + -18178. Calculate the highest common divisor of j and 13.
13
Suppose -7 - 17 = 3*d. Let m be d/(-12)*3 - -1. Let p = 35 + -26. What is the highest common divisor of m and p?
3
Let l(t) = 95*t**2 + 135*t - 968. Let w be l(8). Calculate the greatest common factor of 1008 and w.
144
Suppose 16*r = f + 21*r, f + 4*r = 7. Calculate the highest common factor of 6965 and f.
35
Let j = -19047 + 19155. Calculate the highest common factor of 1392 and j.
12
Suppose -94 = -j + 333. Let q(z) = 2*z**2 - 106*z - 718. Let l be q(60). Calculate the greatest common divisor of j and l.
61
Suppose 46*q + 2*a = 45*q + 46, a = 5*q - 263. Let i be (-54)/(-4) + 6/(-12). Calculate the highest common divisor of i and q.
13
Let h be 51/6*(33 + -3). Suppose 0 = -323*i + 342*i - 570. Calculate the highest common factor of h and i.
15
Suppose 30*a - 50*a + 4280 = 0. What is the highest common divisor of a and 3745?
107
Let j = -135 + 136. Let z(p) = 32*p**2 + 5*p - 5. Let s be z(j). What is the greatest common divisor of s and 8?
8
Let m(x) = 2*x**3 - 30*x**2 - 34*x + 29. Let o be m(16). Let n(f) = -48*f - 11. Let p be n(o). Calculate the highest common factor of 76 and p.
19
Let r = 3568 + -3565. What is the highest common divisor of 7377 and r?
3
Let i(f) = 31*f + 2709. Let a be i(-14). Calculate the greatest common factor of 350 and a.
175
Let u(h) = -9*h**3 - 8*h**2 - 17*h + 6. Let c be u(-3). What is the highest common divisor of 1380 and c?
12
Suppose -271*n + 191 = -268*n - y, 2*n = 2*y + 134. What is the greatest common divisor of 496 and n?
62
Let w = 462 - 447. Suppose -13*l = -w*l + 96. Calculate the greatest common factor of l and 64.
16
Let p be -3 - (4/(-2) + -21). Suppose -1785 = -50*o + 1215. What is the highest common divisor of p and o?
20
Let p be (-51)/(-272) - 5736/(-128). What is the greatest common divisor of p and 25?
5
Let o = 179 - 324. Let l = -15 - o. Let x be 5 + 5 + 168/4. Calculate the highest common divisor of l and x.
26
Let o(v) = -26*v + 64. Let f be o(-10). Suppose 12*y + 72 = f. What is the highest common divisor of 3 and y?
3
Suppose -6*i = -4*i + 2*j - 16, 3*j + 25 = 4*i. Let g = -53 - -75. Let z be (-5 - g)*(-14)/6. Calculate the greatest common factor of z and i.
7
Let d = -2371 - -3531. Calculate the highest common divisor of d and 80.
40
Let m(s) = -11*s**3 + 6*s**2 + 10*s - 7. Let f be m(-2). What is the greatest common factor of f and 21335?
85
Let p = -134 + 139. Suppose t - 6*t + 302 = 3*c, -p*c + 494 = -t. Calculate the greatest common divisor of c and 77.
11
Let k be (444/259)/(2/126). Let c = k - 75. Calculate the greatest common divisor of c and 44.
11
Let p(z) = 11 + 7 - 46 + 10*z. Let g be p(3). Suppose 3*u - 3*x - 15 = 0, -2*u + g*x = -x - 12. What is the highest common factor of u and 2?
1
Let g(p) = p**3 - p**2 - 6*p - 4. Let t be g(5). Let o = 902 - 528. Calculate the highest common factor of t and o.
22
Suppose -5*s + 1394 = 132 - 628. Calculate the highest common divisor of 1022 and s.
14
Suppose -459 = 6*n - 471. Suppose 9*u = -4*x + 6*u + 126, 3*x + n*u - 95 = 0. Calculate the greatest common factor of x and 561.
33
Suppose -4*y = p - 116, 23*p = 28*p - 6*y - 632. What is the highest common divisor of p and 8?
4
Let o(d) = -2*d**2 + 71*d + 152. Let b be o(35). Calculate the highest common factor of 119 and b.
17
Suppose -8761*i + 2736 = -8749*i. Calculate the greatest common factor of 570 and i.
114
Suppose -88*n - 637 = -137*n. Suppose -138 = -k - k. Let o = k + -30. What is the highest common divisor of o and n?
13
Let m(b) = b**2 - 23*b - 5. Let r be (-426)/(-21) - (-2)/(-7). Let l be m(r). Let g = l + 130. Calculate the highest common factor of g and 26.
13
Let i = 7884 + -7800. Calculate the greatest common divisor of 4914 and i.
42
Suppose -b + 100 = 4*b. Let d be (-15 + 9)/(-2 - 1/1). Suppose d*u = -b + 78. Calculate the greatest common divisor of 58 and u.
29
Let k(y) = -2234*y - 3463. Let o be k(-11). What is the greatest common factor of o and 93?
93
Suppose -2*g + 39 = -85. Suppose 24 = -c + h - g, 3*h = -c - 66. Let d = 130 + c. What is the greatest common factor of 14 and d?
7
Let u be 211 - -1 - 5/5*2. Suppose -79*n - u = -81*n. Calculate the highest common divisor of 280 and n.
35
Let v(u) be the second derivative of 5*u**3/6 - 2*u**2 - 553*u. Let x = 41 + -29. Let t be v(x). What is the greatest common factor of 14 and t?
14
Let z = 331 - 171. Calculate the highest common divisor of z and 860.
20
Let s = 3250 + -3085. Calculate the greatest common divisor of s and 627.
33
Let m be (-2)/8*-4 - -48. Suppose 5*b + 2*b + m = 0. Let k be (-4)/b - 381/(-7). Calculate the highest common divisor of k and 22.
11
Let m(d) = 2*d**2 + 9*d + 11. Let r be m(-8). Suppose -r - 38 = -7*u. Suppose u = 15*f - 75. What is the greatest common factor of 24 and f?
6
Let r be 9 - (-1211 + (-285)/19). What is the greatest common divisor of r and 38?
19
Let w = -290 - 42. Let s = w + 627. Calculate the greatest common factor of 177 and s.
59
Let g(a) = -6*a - 75. Let i be g(-8). Let j(f) = -5*f. Let t be j(i). Calculate the highest common factor of t and 45.
45
Let x be 112/(42/(-14)*(-1)/18). What is the greatest common divisor of x and 1428?
84
Let p be ((-1)/(-3))/(2/294). Suppose 3*q - 46 = g, 32 = 3*q + 4*g + 6. What is the highest common divisor of p and q?
7
Suppose 10*n - 9*n + 4*m = 25, n + m = 10. Let g be -9*13/117*(-486 + 1). Calculate the highest common factor of g and n.
5
Let b = 423 - 700. Let a = 83 - b. Calculate the greatest common divisor of 45 and a.
45
Let l be (144/(-64) - -2)/((-1)/20). Suppose 0 = -v, 0 = -2*t + 6*t - l*v - 48. Calculate the highest common factor of t and 186.
6
Let x(m) = 3*m**2 + m - 1. Let k be x(-2). Let v(r) = 2*r - 10. Let h be v(k). Let z = 2877 - 2845. Calculate the highest common factor of z and h.
8
Let l be (-294)/4*(-40)/15. Let z be -3 + ((-2)/(-9) - (-12364)/(-396))/(-1). Calculate the greatest common factor of z and l.
28
Suppose 5*h - 404 = -4*x, -4*x = 4*h - 428 + 104. Let g = h - -334. Calculate the greatest common factor of 18 and g.
18
Let y be 1 + 0 + (0 - 3) + -6. Let z be (22/y)/(-4*1/16). Calculate the highest common factor of z and 275.
11
Suppose q - 32 = b, 19*b = -2*q + 24*b + 85. Let r(k) = -k**3 - k**2 + 4*k - 5. Let f be r(-5). What is the greatest common factor of f and q?
25
Let u(h) = -180*h + 924. Let w be u(4). What is the greatest common factor of 306 and w?
102
Suppose 0 = 14*c - 300 - 8. Calculate the greatest common divisor of c and 14.
2
Let m(a) = -5*a**2 + 11*a - 56. Let n(y) = -2*y**2 + y. Let l(t) = -m(t) + 2*n(t). Let k be l(11). What is the highest common factor of 286 and k?
26
Let j(t) = 19*t + 1634. Let r be j(-80). What is the highest common factor of 66 and r?
6
Let a(g) = 26521*g**3 + 8*g**2 - 14*g + 7. Let s be a(1). Calculate the highest common divisor of 178 and s.
178
Suppose 0 = -49*j + 1625 + 482. Suppose j*h - 40*h = 231. Calculate the highest common divisor of h and 22.
11
Let x(t) = -24*t - 121. Let d be x(-7). Let b = -20 + d. What is the greatest common divisor of b and 36?
9
Let r be ((-580)/50)/(2/(-10)). Let f = -73 + r. Let j be 60*((-12)/f)/2. Calculate the greatest common divisor of j and 24.
24
Let d = 5 + -3. Let o(i) = -33 - d*i - i - 9*i. Let j be o(-11). What is the highest common divisor of 33 and j?
33
Let z be -7 + (-8)/(-10)*25/10. Let w = 16 + z. Suppose -4*b + 3*u - w = -34,